1 a prime number?
True
Is 46327782887 a prime number?
False
Is 6059016781 prime?
False
Is 811970741 a prime number?
True
Is 1594455259 prime?
True
Is 15424765417 a prime number?
True
Is 14981147561 composite?
True
Is 14564879563 a composite number?
True
Is 2112105851 composite?
True
Is 426585697 composite?
False
Is 296090749 a prime number?
True
Is 1223551327 prime?
True
Is 28885379197 a composite number?
False
Is 155474659 composite?
True
Is 594219629 a composite number?
False
Is 6435031919 composite?
False
Is 16645951181 prime?
False
Is 243326241679 prime?
False
Is 887271821 a composite number?
True
Is 118501325221 a composite number?
False
Is 16459788101 prime?
True
Is 18014449043 prime?
False
Is 68579513063 composite?
True
Is 3467117 a composite number?
False
Is 21513939683 a prime number?
False
Is 7705426373 composite?
True
Is 164742043 a composite number?
True
Is 1969550201 composite?
False
Is 908880641 prime?
True
Is 3580772959 composite?
False
Is 474269987 a composite number?
True
Is 782724139 prime?
True
Is 114966433117 a prime number?
False
Is 97471995781 composite?
True
Is 3841693397 composite?
False
Is 2503811443 a prime number?
False
Is 5424621637 composite?
False
Is 57045061 composite?
False
Is 115946011 a prime number?
True
Is 377976357911 a composite number?
False
Is 32008847713 a prime number?
False
Is 16116438911 prime?
False
Is 5946194042 prime?
False
Is 11640569727 a prime number?
False
Is 9752134939 a composite number?
True
Is 94351337215 a composite number?
True
Is 7327372223 a prime number?
False
Is 315693517 a composite number?
True
Is 1670769097 a prime number?
True
Is 1382061341 a prime number?
True
Is 3361289209 a composite number?
False
Is 280584211403 prime?
True
Is 2167493687 prime?
True
Is 38214309157 prime?
False
Is 324876163 a prime number?
False
Is 469995055 a composite number?
True
Is 9435798101 a prime number?
False
Is 6457259969 prime?
True
Is 3912443177 a composite number?
False
Is 8215961939 composite?
False
Is 74201206657 a composite number?
True
Is 183645529 prime?
True
Is 2000921523 prime?
False
Is 5311581127 prime?
True
Is 215206162967 prime?
True
Is 7203962998 a prime number?
False
Is 171418859137 a composite number?
False
Is 15783716293 composite?
False
Is 343311751 a prime number?
False
Is 14066009197 prime?
False
Is 53394359 a composite number?
False
Is 16935109721 a prime number?
True
Is 504895917 a prime number?
False
Is 4083122179 a composite number?
False
Is 22279452827 a prime number?
True
Is 54233697121 a prime number?
True
Is 126223037 a prime number?
True
Is 4112809061 composite?
False
Is 196116311 composite?
False
Is 407378243 prime?
True
Is 29190101453 prime?
True
Is 77416521841 prime?
True
Is 14764638223 composite?
False
Is 35092501 prime?
True
Is 212458241 prime?
True
Is 4106656639 a prime number?
False
Is 148963932659 composite?
True
Is 12646409371 prime?
True
Is 417506633 a prime number?
True
Is 38814069097 composite?
True
Is 1269272703 a composite number?
True
Is 23964965021 composite?
False
Is 20579566177 a composite number?
True
Is 24267387 composite?
True
Is 39589918169 a composite number?
False
Is 5579998871 a composite number?
False
Is 4324579907 composite?
False
Is 2404037747 composite?
True
Is 20429185967 prime?
False
Is 1661896511 prime?
False
Is 38509850081 a composite number?
False
Is 143964044267 a prime number?
True
Is 3049032713 a prime number?
True
Is 35312942507 composite?
False
Is 1848154247 a prime number?
False
Is 8403663062 a prime number?
False
Is 5941760839 prime?
False
Is 769314341 composite?
False
Is 134201362129 a prime number?
True
Is 3775109761 prime?
False
Is 640939201241 a prime number?
False
Is 20432598257 a composite number?
False
Is 1680828577 composite?
True
Is 12379496219 composite?
False
Is 7716975523 a composite number?
False
Is 25951071397 a prime number?
False
Is 32610354239 a prime number?
True
Is 1013123051 prime?
False
Is 1168694489 prime?
True
Is 784046099 a composite number?
False
Is 3461321603 a composite number?
True
Is 197325043 composite?
False
Is 27962248097 a composite number?
True
Is 3956075311 a prime number?
True
Is 79933664227 composite?
False
Is 83490619 a composite number?
False
Is 396667969 prime?
False
Is 652244881 a composite number?
False
Is 79811888803 prime?
True
Is 1182552142 a composite number?
True
Is 3030861259 prime?
True
Is 765158923 a composite number?
False
Is 3027735383 prime?
False
Is 34678762337 prime?
True
Is 24256043221 prime?
True
Is 36842497 a composite number?
True
Is 8834628029 a prime number?
True
Is 17763993869 a composite number?
True
Is 72526774249 a prime number?
True
Is 1129737121 prime?
False
Is 27001799477 prime?
False
Is 21725801011 composite?
True
Is 737200489 prime?
False
Is 152944015351 prime?
False
Is 21157328977 a prime number?
True
Is 38381471 a prime number?
False
Is 122226665047 a composite number?
True
Is 1605249187 a prime number?
True
Is 4149758237 a prime number?
True
Is 3762863441 prime?
True
Is 345335633 prime?
True
Is 108110911 a composite number?
False
Is 6911719747 a prime number?
True
Is 69513760381 a composite number?
True
Is 1042112531 composite?
True
Is 5228740547 composite?
False
Is 150243787481 composite?
False
Is 2715301298 a prime number?
False
Is 1193637953 prime?
False
Is 1944979717 composite?
False
Is 5493590114 prime?
False
Is 1295583167 composite?
False
Is 52984117317 composite?
True
Is 396603094 composite?
True
Is 399193339 a prime number?
True
Is 23958813503 prime?
True
Is 309382819 prime?
False
Is 2472862523 a prime number?
False
Is 567134983 a prime number?
False
Is 316938981707 a prime number?
True
Is 16659294583 prime?
False
Is 915304189 composite?
False
Is 4107657649 a prime number?
True
Is 349573891 a prime number?
False
Is 356201011 a prime number?
False
Is 287281541 composite?
False
Is 16225822927 composite?
False
Is 45344857 a prime number?
False
Is 424346731 a composite number?
False
Is 6351478019 prime?
True
Is 2467367489 a composite number?
True
Is 1635941233 prime?
False
Is 3894597715 a composite number?
True
Is 711648671 prime?
True
Is 745998621 a prime number?
False
Is 338051881 a prime number?
False
Is 14235408719 a composite number?
True
Is 6611218843 composite?
False
Is 45797187749 composite?
False
Is 1151663137 a prime number?
False
Is 1330654399 a composite number?
False
Is 356590883 composite?
True
Is 5053453991 composite?
False
Is 115740349 prime?
True
Is 462898757 a composite number?
False
Is 1104407449 composite?
True
Is 1792661821 a prime number?
True
Is 4279853111 composite?
False
Is 107544509 a prime number?
True
Is 57223461 a composite number?
True
Is 482534459 a composite number?
True
Is 1634178347 composite?
False
Is 14269050689 prime?
True
Is 3549657637 a prime number?
True
Is 407848783 a composite number?
False
Is 493747043 composite?
True
Is 13134698557 composite?
True
Is 17609474377 prime?
False
Is 136266401 prime?
True
Is 9123117281 prime?
False
Is 719586649 a prime number?
True
Is 1228618171 prime?
False
Is 570920069 composite?
False
Is 537190763 a prime number?
True
Is 1238249053 a prime number?
True
Is 1952801947 prime?
False
Is 976297669 a prime number?
False
Is 12979730497 a prime number?
True
Is 16889737259 a prime number?
False
Is 234566621 composite?
False
Is 454691782609 composite?
True
Is 25605806179 a prime number?
True
Is 748717423 composite?
False
Is 5466630913 a composite number?
False
Is 4894004291 a prime number?
False
Is 11181580279 a composite number?
False
Is 60230842871 a prime number?
True
Is 320620823 composite?
False
Is 21307929433 composite?
True
Is 1293274289 composite?
False
Is 26746022203 prime?
True
Is 8834796119 a composite number?
False
Is 7596280763 composite?
False
Is 6896307331 a prime number?
False
Is 5426993443 a composite number?
False
Is 521563751 a composite number?
True
Is 227102033 composite?
True
Is 1151208683 composite?
False
Is 2180855203 a prime number?
True
Is 597684629 composite?
False
Is 2786587603 a composite number?
True
Is 14809646557 a prime number?
True
Is 1155603017 composite?
True
Is 4905525517 prime?
False
Is 222821268689 a composite number?
True
Is 794542051 composite?
False
Is 104189527 prime?
False
Is 65594183 prime?
False
Is 60908623843 prime?
True
Is 1592251447 a prime